{"id":1041,"date":"2022-10-03T18:40:36","date_gmt":"2022-10-03T16:40:36","guid":{"rendered":"https:\/\/www.ffpjp25.com\/?page_id=1041"},"modified":"2025-10-17T09:45:44","modified_gmt":"2025-10-17T07:45:44","slug":"trophee-des-aines","status":"publish","type":"page","link":"https:\/\/www.ffpjp25.com\/index.php\/trophee-des-aines\/","title":{"rendered":"Troph\u00e9e des V\u00e9t\u00e9rans"},"content":{"rendered":"\n<h2 class=\"wp-block-heading\">R\u00e8glement du troph\u00e9e des V\u00e9t\u00e9rans<\/h2>\n\n\n\n<div class=\"wp-block-columns is-layout-flex wp-container-core-columns-is-layout-28f84493 wp-block-columns-is-layout-flex\">\n<div class=\"wp-block-column is-layout-flow wp-block-column-is-layout-flow\" style=\"flex-basis:66.66%\">\n<div data-wp-interactive=\"core\/file\" class=\"wp-block-file\"><object data-wp-bind--hidden=\"!state.hasPdfPreview\" hidden class=\"wp-block-file__embed\" data=\"https:\/\/www.ffpjp25.com\/wp-content\/uploads\/2024\/01\/Reglement-Trophee-des-Veterans-2024-CD-25.pdf\" type=\"application\/pdf\" style=\"width:100%;height:600px\" aria-label=\"Contenu embarqu\u00e9 Reglement Troph\u00e9e des V\u00e9t\u00e9rans 2024 CD 25.\"><\/object><a id=\"wp-block-file--media-0d53c259-ef31-4ff2-93b3-4ef02635224d\" href=\"https:\/\/www.ffpjp25.com\/wp-content\/uploads\/2024\/01\/Reglement-Trophee-des-Veterans-2024-CD-25.pdf\">Reglement Troph\u00e9e des V\u00e9t\u00e9rans 2024 CD 25<\/a><a href=\"https:\/\/www.ffpjp25.com\/wp-content\/uploads\/2024\/01\/Reglement-Trophee-des-Veterans-2024-CD-25.pdf\" class=\"wp-block-file__button wp-element-button\" download aria-describedby=\"wp-block-file--media-0d53c259-ef31-4ff2-93b3-4ef02635224d\">T\u00e9l\u00e9charger<\/a><\/div>\n<\/div>\n\n\n\n<div class=\"wp-block-column is-layout-flow wp-block-column-is-layout-flow\" style=\"flex-basis:33.33%\"><\/div>\n<\/div>\n\n\n\n<h2 class=\"wp-block-heading\">2025<\/h2>\n\n\n\n<div class=\"wp-block-columns is-layout-flex wp-container-core-columns-is-layout-28f84493 wp-block-columns-is-layout-flex\">\n<div class=\"wp-block-column is-layout-flow wp-block-column-is-layout-flow\" style=\"flex-basis:50%\">\n<div data-wp-interactive=\"core\/file\" class=\"wp-block-file\"><object data-wp-bind--hidden=\"!state.hasPdfPreview\" hidden class=\"wp-block-file__embed\" data=\"https:\/\/www.ffpjp25.com\/wp-content\/uploads\/2025\/10\/Trophee_Veterans_2025_Classement_Final.pdf\" type=\"application\/pdf\" style=\"width:100%;height:600px\" aria-label=\"Contenu embarqu\u00e9 Troph\u00e9e_V\u00e9t\u00e9rans_2025_Classement_Final.\"><\/object><a id=\"wp-block-file--media-bdedd50a-4cce-4262-b019-ad10278d3e71\" href=\"https:\/\/www.ffpjp25.com\/wp-content\/uploads\/2025\/10\/Trophee_Veterans_2025_Classement_Final.pdf\">Troph\u00e9e_V\u00e9t\u00e9rans_2025_Classement_Final<\/a><a href=\"https:\/\/www.ffpjp25.com\/wp-content\/uploads\/2025\/10\/Trophee_Veterans_2025_Classement_Final.pdf\" class=\"wp-block-file__button wp-element-button\" download aria-describedby=\"wp-block-file--media-bdedd50a-4cce-4262-b019-ad10278d3e71\">T\u00e9l\u00e9charger<\/a><\/div>\n<\/div>\n\n\n\n<div class=\"wp-block-column is-layout-flow wp-block-column-is-layout-flow\" style=\"flex-basis:50%\">\n<figure class=\"wp-block-image size-full\"><img loading=\"lazy\" decoding=\"async\" width=\"989\" height=\"604\" src=\"https:\/\/www.ffpjp25.com\/wp-content\/uploads\/2025\/10\/image-5.png\" alt=\"\" class=\"wp-image-12941\" srcset=\"https:\/\/www.ffpjp25.com\/wp-content\/uploads\/2025\/10\/image-5.png 989w, https:\/\/www.ffpjp25.com\/wp-content\/uploads\/2025\/10\/image-5-300x183.png 300w, https:\/\/www.ffpjp25.com\/wp-content\/uploads\/2025\/10\/image-5-768x469.png 768w\" sizes=\"auto, (max-width: 989px) 100vw, 989px\" \/><\/figure>\n<\/div>\n<\/div>\n\n\n\n<h2 class=\"wp-block-heading\">2024<\/h2>\n\n\n\n<div data-wp-interactive=\"core\/file\" class=\"wp-block-file\"><object data-wp-bind--hidden=\"!state.hasPdfPreview\" hidden class=\"wp-block-file__embed\" data=\"https:\/\/www.ffpjp25.com\/wp-content\/uploads\/2024\/10\/Trophee_Veterans_2024_Classement_Final.pdf\" type=\"application\/pdf\" style=\"width:100%;height:600px\" aria-label=\"Contenu embarqu\u00e9 Troph\u00e9e_V\u00e9t\u00e9rans_2024_Classement_Final.\"><\/object><a id=\"wp-block-file--media-03b1680e-7893-45e0-a6ab-e06dea19ece4\" href=\"https:\/\/www.ffpjp25.com\/wp-content\/uploads\/2024\/10\/Trophee_Veterans_2024_Classement_Final.pdf\">Troph\u00e9e_V\u00e9t\u00e9rans_2024_Classement_Final<\/a><a href=\"https:\/\/www.ffpjp25.com\/wp-content\/uploads\/2024\/10\/Trophee_Veterans_2024_Classement_Final.pdf\" class=\"wp-block-file__button wp-element-button\" download aria-describedby=\"wp-block-file--media-03b1680e-7893-45e0-a6ab-e06dea19ece4\">T\u00e9l\u00e9charger<\/a><\/div>\n\n\n\n<h2 class=\"wp-block-heading\">2023<\/h2>\n\n\n\n<div data-wp-interactive=\"core\/file\" class=\"wp-block-file\"><object data-wp-bind--hidden=\"!state.hasPdfPreview\" hidden class=\"wp-block-file__embed\" data=\"https:\/\/www.ffpjp25.com\/wp-content\/uploads\/2023\/10\/Trophee-Aines-2023.pdf\" type=\"application\/pdf\" style=\"width:100%;height:600px\" aria-label=\"Contenu embarqu\u00e9 Troph\u00e9e Ain\u00e9s 2023.\"><\/object><a id=\"wp-block-file--media-157ebc62-4daa-4178-aa91-8a4083e460cd\" href=\"https:\/\/www.ffpjp25.com\/wp-content\/uploads\/2023\/10\/Trophee-Aines-2023.pdf\">Troph\u00e9e Ain\u00e9s 2023<\/a><a href=\"https:\/\/www.ffpjp25.com\/wp-content\/uploads\/2023\/10\/Trophee-Aines-2023.pdf\" class=\"wp-block-file__button wp-element-button\" download aria-describedby=\"wp-block-file--media-157ebc62-4daa-4178-aa91-8a4083e460cd\">T\u00e9l\u00e9charger<\/a><\/div>\n\n\n\n<h2 class=\"wp-block-heading\">2022<\/h2>\n\n\n\n<div data-wp-interactive=\"core\/file\" class=\"wp-block-file\"><object data-wp-bind--hidden=\"!state.hasPdfPreview\" hidden class=\"wp-block-file__embed\" data=\"https:\/\/www.ffpjp25.com\/wp-content\/uploads\/2022\/11\/Trophee-Aines-2022.pdf\" type=\"application\/pdf\" style=\"width:100%;height:600px\" aria-label=\"Contenu embarqu\u00e9 Trophee-Aines-2022.\"><\/object><a id=\"wp-block-file--media-720c3093-60a6-4f5b-b595-af1e8f714b0d\" href=\"https:\/\/www.ffpjp25.com\/wp-content\/uploads\/2022\/11\/Trophee-Aines-2022.pdf\">Trophee-Aines-2022<\/a><a href=\"https:\/\/www.ffpjp25.com\/wp-content\/uploads\/2022\/11\/Trophee-Aines-2022.pdf\" class=\"wp-block-file__button wp-element-button\" download aria-describedby=\"wp-block-file--media-720c3093-60a6-4f5b-b595-af1e8f714b0d\">T\u00e9l\u00e9charger<\/a><\/div>\n","protected":false},"excerpt":{"rendered":"<p>R\u00e8glement du troph\u00e9e des V\u00e9t\u00e9rans 2025 2024 2023 2022<\/p>\n","protected":false},"author":1,"featured_media":0,"parent":0,"menu_order":0,"comment_status":"closed","ping_status":"closed","template":"","meta":{"site-sidebar-layout":"default","site-content-layout":"","ast-site-content-layout":"default","site-content-style":"default","site-sidebar-style":"default","ast-global-header-display":"","ast-banner-title-visibility":"","ast-main-header-display":"","ast-hfb-above-header-display":"","ast-hfb-below-header-display":"","ast-hfb-mobile-header-display":"","site-post-title":"","ast-breadcrumbs-content":"","ast-featured-img":"","footer-sml-layout":"","ast-disable-related-posts":"","theme-transparent-header-meta":"","adv-header-id-meta":"","stick-header-meta":"","header-above-stick-meta":"","header-main-stick-meta":"","header-below-stick-meta":"","astra-migrate-meta-layouts":"default","ast-page-background-enabled":"default","ast-page-background-meta":{"desktop":{"background-color":"var(--ast-global-color-4)","background-image":"","background-repeat":"repeat","background-position":"center center","background-size":"auto","background-attachment":"scroll","background-type":"","background-media":"","overlay-type":"","overlay-color":"","overlay-opacity":"","overlay-gradient":""},"tablet":{"background-color":"","background-image":"","background-repeat":"repeat","background-position":"center center","background-size":"auto","background-attachment":"scroll","background-type":"","background-media":"","overlay-type":"","overlay-color":"","overlay-opacity":"","overlay-gradient":""},"mobile":{"background-color":"","background-image":"","background-repeat":"repeat","background-position":"center center","background-size":"auto","background-attachment":"scroll","background-type":"","background-media":"","overlay-type":"","overlay-color":"","overlay-opacity":"","overlay-gradient":""}},"ast-content-background-meta":{"desktop":{"background-color":"var(--ast-global-color-5)","background-image":"","background-repeat":"repeat","background-position":"center center","background-size":"auto","background-attachment":"scroll","background-type":"","background-media":"","overlay-type":"","overlay-color":"","overlay-opacity":"","overlay-gradient":""},"tablet":{"background-color":"var(--ast-global-color-5)","background-image":"","background-repeat":"repeat","background-position":"center center","background-size":"auto","background-attachment":"scroll","background-type":"","background-media":"","overlay-type":"","overlay-color":"","overlay-opacity":"","overlay-gradient":""},"mobile":{"background-color":"var(--ast-global-color-5)","background-image":"","background-repeat":"repeat","background-position":"center center","background-size":"auto","background-attachment":"scroll","background-type":"","background-media":"","overlay-type":"","overlay-color":"","overlay-opacity":"","overlay-gradient":""}},"footnotes":""},"class_list":["post-1041","page","type-page","status-publish","hentry"],"jetpack_sharing_enabled":true,"_links":{"self":[{"href":"https:\/\/www.ffpjp25.com\/index.php\/wp-json\/wp\/v2\/pages\/1041","targetHints":{"allow":["GET"]}}],"collection":[{"href":"https:\/\/www.ffpjp25.com\/index.php\/wp-json\/wp\/v2\/pages"}],"about":[{"href":"https:\/\/www.ffpjp25.com\/index.php\/wp-json\/wp\/v2\/types\/page"}],"author":[{"embeddable":true,"href":"https:\/\/www.ffpjp25.com\/index.php\/wp-json\/wp\/v2\/users\/1"}],"replies":[{"embeddable":true,"href":"https:\/\/www.ffpjp25.com\/index.php\/wp-json\/wp\/v2\/comments?post=1041"}],"version-history":[{"count":31,"href":"https:\/\/www.ffpjp25.com\/index.php\/wp-json\/wp\/v2\/pages\/1041\/revisions"}],"predecessor-version":[{"id":12942,"href":"https:\/\/www.ffpjp25.com\/index.php\/wp-json\/wp\/v2\/pages\/1041\/revisions\/12942"}],"wp:attachment":[{"href":"https:\/\/www.ffpjp25.com\/index.php\/wp-json\/wp\/v2\/media?parent=1041"}],"curies":[{"name":"wp","href":"https:\/\/api.w.org\/{rel}","templated":true}]}}